915029 a prime number?
False
Is 162772037 prime?
True
Is 1692279643 a composite number?
False
Is 997479949 a prime number?
True
Is 1524394219 a composite number?
False
Is 1034179307 prime?
False
Is 40524207179 prime?
False
Is 1270991501 a composite number?
True
Is 3830916217 composite?
False
Is 1651730861 a prime number?
False
Is 2508935861 a prime number?
False
Is 262802149 prime?
True
Is 3403452097 composite?
True
Is 22807389589 composite?
True
Is 284342099 prime?
True
Is 332056133 a composite number?
False
Is 162008233279 a prime number?
True
Is 286796123 a prime number?
False
Is 57158027 a prime number?
True
Is 481895077 composite?
False
Is 757385389 a composite number?
False
Is 4858413817 prime?
True
Is 846561923 composite?
False
Is 480979393 a composite number?
False
Is 2006687993 a prime number?
True
Is 38374153937 prime?
False
Is 95323439039 composite?
False
Is 2653709077 a prime number?
False
Is 3874432649 a prime number?
False
Is 12894420841 composite?
False
Is 18603153617 composite?
False
Is 15323038727 composite?
False
Is 83765867761 a composite number?
True
Is 14352326537 composite?
False
Is 45710384549 prime?
True
Is 1662640367 a composite number?
True
Is 5833511337 a prime number?
False
Is 185240507539 a composite number?
False
Is 19590342911 a prime number?
True
Is 48106210363 a prime number?
True
Is 4518261263 a composite number?
False
Is 1038976849 a composite number?
False
Is 8531553719 a composite number?
True
Is 1094846993 prime?
True
Is 401213279 prime?
True
Is 2504561419 composite?
False
Is 245363673517 a prime number?
True
Is 12003554141 a prime number?
True
Is 9092386003 composite?
False
Is 6759470401 a prime number?
True
Is 859802621 a prime number?
False
Is 6516977813 a composite number?
False
Is 2580556471 composite?
False
Is 1052837341 prime?
True
Is 26410442381 prime?
True
Is 25724379869 composite?
False
Is 69123641 a composite number?
False
Is 1559990599 composite?
False
Is 331146787 a prime number?
True
Is 1833304901 a prime number?
True
Is 18656840858 a prime number?
False
Is 67051553099 prime?
False
Is 8213138957 composite?
True
Is 2482830349 composite?
False
Is 33503827079 a prime number?
True
Is 10083722237 prime?
False
Is 534492661 composite?
False
Is 906687343 a composite number?
True
Is 143899520719 a composite number?
False
Is 8277223519 a composite number?
False
Is 7961646071 a prime number?
False
Is 1735577399 a composite number?
False
Is 1703969903 a prime number?
False
Is 26773737619 a prime number?
True
Is 68532655337 composite?
False
Is 54874450679 a prime number?
True
Is 563324351 a prime number?
True
Is 647522173 prime?
False
Is 647414291 composite?
False
Is 4201660153 a prime number?
False
Is 31965882691 prime?
True
Is 4684561199 composite?
True
Is 264378173 prime?
True
Is 76732063 a composite number?
False
Is 18236537507 a prime number?
True
Is 19934594551 a composite number?
False
Is 8093509483 prime?
False
Is 2064375821 a composite number?
True
Is 14243178007 composite?
True
Is 1319543011 composite?
False
Is 3198397681 prime?
False
Is 8409795907 a composite number?
True
Is 17674555211 prime?
True
Is 22424292281 prime?
True
Is 32072978501 a composite number?
True
Is 1263769457 a prime number?
True
Is 111757249 composite?
True
Is 199361419 a composite number?
False
Is 23490131 a composite number?
True
Is 58551205217 a prime number?
False
Is 11111279939 a composite number?
False
Is 39455201 a prime number?
True
Is 9199466299 a composite number?
False
Is 273073903 composite?
True
Is 1956723361 prime?
True
Is 33438173 prime?
True
Is 9007626737 prime?
False
Is 33290721235 composite?
True
Is 911356919 composite?
True
Is 41166256951 a prime number?
False
Is 19084430461 a prime number?
False
Is 338001659 prime?
False
Is 599928559 composite?
True
Is 160361723507 a composite number?
False
Is 76073167 prime?
False
Is 677311097 a composite number?
True
Is 288233947 prime?
True
Is 77940979 composite?
True
Is 1789263479 prime?
False
Is 522751669 prime?
False
Is 42452104193 a prime number?
True
Is 724351709 a composite number?
False
Is 240469998577 prime?
True
Is 6107353661 a prime number?
True
Is 53272722029 a prime number?
False
Is 2824346209 prime?
False
Is 414098273 composite?
True
Is 135445301 a prime number?
False
Is 1550672182 prime?
False
Is 502183273 a composite number?
True
Is 188293478 a prime number?
False
Is 2787551266 prime?
False
Is 265831249781 a composite number?
True
Is 18475238881 prime?
False
Is 196349921 prime?
True
Is 13697679097 composite?
True
Is 92419182337 a prime number?
False
Is 3466371809 composite?
False
Is 843309791 prime?
True
Is 3304309417 prime?
False
Is 27917512783 composite?
False
Is 134104469351 prime?
True
Is 385160291 composite?
False
Is 223812701669 a composite number?
True
Is 10036855979 prime?
False
Is 2416350371 prime?
True
Is 9716674469 a composite number?
False
Is 45506969 composite?
False
Is 5120333983 composite?
False
Is 1910157371 a prime number?
True
Is 19104988087 a prime number?
True
Is 336112177 a prime number?
False
Is 2855418257 a composite number?
True
Is 7366636817 prime?
True
Is 966582217 a composite number?
False
Is 1242095551 a prime number?
False
Is 41288643533 a composite number?
False
Is 4156345261 a composite number?
False
Is 62985487529 prime?
True
Is 2754713629 prime?
False
Is 2722901851 prime?
False
Is 24951109 prime?
True
Is 506011279 composite?
False
Is 3650553359 composite?
False
Is 1462388831 a composite number?
False
Is 22714327 a prime number?
True
Is 1355413177 prime?
True
Is 5518061279 a prime number?
False
Is 207017123 prime?
False
Is 236719903 prime?
False
Is 3802749373 a composite number?
False
Is 2149162154 prime?
False
Is 71287611319 a prime number?
True
Is 69567354577 composite?
True
Is 3054406937 a prime number?
True
Is 208009037 prime?
True
Is 6933432071 composite?
True
Is 3435474671 composite?
True
Is 23833211135 composite?
True
Is 7223595909 a prime number?
False
Is 1625605071 composite?
True
Is 7593815191 a composite number?
False
Is 74072003755 prime?
False
Is 24785646493 a prime number?
True
Is 716627831 a prime number?
True
Is 458060011 a composite number?
True
Is 595650397 a prime number?
False
Is 976016017 prime?
False
Is 5056295897 a composite number?
True
Is 2191236793 prime?
True
Is 14256534653 a prime number?
True
Is 21829942007 a composite number?
False
Is 9732748681 prime?
False
Is 8217721361 a prime number?
True
Is 7072539709 a composite number?
False
Is 5897306579 a composite number?
True
Is 47976402569 a composite number?
False
Is 25630489 a prime number?
True
Is 3657089047 a composite number?
False
Is 47577601 a prime number?
True
Is 12693734311 a composite number?
True
Is 346070437 a prime number?
False
Is 68742697897 a prime number?
True
Is 59535212977 a prime number?
True
Is 20771564521 prime?
False
Is 16182618349 prime?
False
Is 789868309 prime?
False
Is 3361562339 prime?
True
Is 3909690647 prime?
True
Is 1648406593 prime?
True
Is 3189780653 a composite number?
False
Is 5974337 prime?
True
Is 60762461053 prime?
False
Is 108379816411 a composite number?
False
Is 1489173539 a composite number?
True
Is 70952653087 composite?
False
Is 32831 a composite number?
False
Is 13239069287 prime?
True
Is 1829701439 a prime number?
True
Is 3275520653 a composite number?
False
Is 9984548461 composite?
False
Is 3018469406 a prime number?
False
Is 32051045107 a prime number?
False
Is 232046279 a composite number?
True
Is 3477398293 a prime number?
False
Is 1425419353 prime?
False
Is 19455211357 a prime number?
True
Is 30622132061 composite?
True
Is 3058597147 prime?
False
Is 3508955039 a prime number?
True
Is 1784101133 a prime number?
False
Is 418934917 a composite number?
False
Is 9497909321 prime?
True
Is 2454251473 a prime number?
False
Is 15823558381 composite?
False
Is 1518935969 a composite number?
True
Is 7595899369 composite?
True
Is 9886616797 a prime number?
True
Is 74457546901 prime?
False
Is 2117384407 a composite number?
False
Is 1129703551 prime?
True
Is 348169643 a prime number?
True
Is 133332645443 composite?
True
Is 4240287321 a composite number?
True
Is 9972752809 a composite number?
False
Is 2225589767 prime?
False
Is 218758461 a prime number?
False
Is 12108424921 prime?
True
Is 18000080399 composi